{"id":638,"date":"2025-06-01T15:35:26","date_gmt":"2025-06-01T13:35:26","guid":{"rendered":"https:\/\/ensihoitoalanliitto.fi\/?page_id=638"},"modified":"2025-06-01T15:50:04","modified_gmt":"2025-06-01T13:50:04","slug":"tehyn-ensihoitotyoryhma","status":"publish","type":"page","link":"https:\/\/ensihoitoalanliitto.fi\/?page_id=638","title":{"rendered":"Tehyn ensihoitoty\u00f6ryhm\u00e4"},"content":{"rendered":"\t\t<div data-elementor-type=\"wp-page\" data-elementor-id=\"638\" class=\"elementor elementor-638\" data-elementor-post-type=\"page\">\n\t\t\t\t<div class=\"elementor-element elementor-element-1772cc84 e-flex e-con-boxed e-con e-parent\" data-id=\"1772cc84\" data-element_type=\"container\" data-e-type=\"container\">\n\t\t\t\t\t<div class=\"e-con-inner\">\n\t\t\t\t<div class=\"elementor-element elementor-element-3a181ea9 elementor-widget elementor-widget-spacer\" data-id=\"3a181ea9\" data-element_type=\"widget\" data-e-type=\"widget\" data-widget_type=\"spacer.default\">\n\t\t\t\t<div class=\"elementor-widget-container\">\n\t\t\t\t\t\t\t<div class=\"elementor-spacer\">\n\t\t\t<div class=\"elementor-spacer-inner\"><\/div>\n\t\t<\/div>\n\t\t\t\t\t\t<\/div>\n\t\t\t\t<\/div>\n\t\t\t\t\t<\/div>\n\t\t\t\t<\/div>\n\t\t<div class=\"elementor-element elementor-element-5721b365 e-flex e-con-boxed e-con e-parent\" data-id=\"5721b365\" data-element_type=\"container\" data-e-type=\"container\" data-settings=\"{&quot;background_background&quot;:&quot;classic&quot;}\">\n\t\t\t\t\t<div class=\"e-con-inner\">\n\t\t\t\t<div class=\"elementor-element elementor-element-6678ac9a elementor-widget elementor-widget-heading\" data-id=\"6678ac9a\" data-element_type=\"widget\" data-e-type=\"widget\" data-widget_type=\"heading.default\">\n\t\t\t\t<div class=\"elementor-widget-container\">\n\t\t\t\t\t<h2 class=\"elementor-heading-title elementor-size-default\">Tehyn ensihoitoty\u00f6ryhm\u00e4<\/h2>\t\t\t\t<\/div>\n\t\t\t\t<\/div>\n\t\t\t\t<div class=\"elementor-element elementor-element-6be4df17 elementor-widget elementor-widget-text-editor\" data-id=\"6be4df17\" data-element_type=\"widget\" data-e-type=\"widget\" data-widget_type=\"text-editor.default\">\n\t\t\t\t<div class=\"elementor-widget-container\">\n\t\t\t\t\t\t\t\t\t<p data-start=\"152\" data-end=\"542\">Ensihoitoty\u00f6ryhm\u00e4 on Tehyn hallituksen nime\u00e4m\u00e4 ty\u00f6ryhm\u00e4, joka on toiminut vuodesta 2009 l\u00e4htien. Ty\u00f6ryhm\u00e4n teht\u00e4v\u00e4n\u00e4 on nostaa keskusteluun ensihoitoon vaikuttavia aiheita ja ennakoida tulevaisuutta. Lis\u00e4ksi ty\u00f6ryhm\u00e4 osallistuu ensihoitoa koskevien lausuntojen ja kannanottojen valmisteluun. Alaan liittyvien erityiskysymyksien kuten ensihoidon koulutuksen, tarvittavan osaamisen sek\u00e4 ensihoidon ty\u00f6turvallisuuden edist\u00e4miseksi tehd\u00e4\u00e4n suunnitelma.<\/p>\t\t\t\t\t\t\t\t<\/div>\n\t\t\t\t<\/div>\n\t\t\t\t\t<\/div>\n\t\t\t\t<\/div>\n\t\t<div class=\"elementor-element elementor-element-5efa3168 e-flex e-con-boxed e-con e-parent\" data-id=\"5efa3168\" data-element_type=\"container\" data-e-type=\"container\" data-settings=\"{&quot;background_background&quot;:&quot;classic&quot;}\">\n\t\t\t\t\t<div class=\"e-con-inner\">\n\t\t\t\t<div class=\"elementor-element elementor-element-1cf1f712 elementor-widget elementor-widget-spacer\" data-id=\"1cf1f712\" data-element_type=\"widget\" data-e-type=\"widget\" data-widget_type=\"spacer.default\">\n\t\t\t\t<div class=\"elementor-widget-container\">\n\t\t\t\t\t\t\t<div class=\"elementor-spacer\">\n\t\t\t<div class=\"elementor-spacer-inner\"><\/div>\n\t\t<\/div>\n\t\t\t\t\t\t<\/div>\n\t\t\t\t<\/div>\n\t\t\t\t\t<\/div>\n\t\t\t\t<\/div>\n\t\t<div class=\"elementor-element elementor-element-6cbc85b7 e-flex e-con-boxed e-con e-parent\" data-id=\"6cbc85b7\" data-element_type=\"container\" data-e-type=\"container\" data-settings=\"{&quot;background_background&quot;:&quot;classic&quot;}\">\n\t\t\t\t\t<div class=\"e-con-inner\">\n\t\t\t\t<div class=\"elementor-element elementor-element-73ca30ed elementor-widget elementor-widget-heading\" data-id=\"73ca30ed\" data-element_type=\"widget\" data-e-type=\"widget\" data-widget_type=\"heading.default\">\n\t\t\t\t<div class=\"elementor-widget-container\">\n\t\t\t\t\t<h2 class=\"elementor-heading-title elementor-size-default\">Ty\u00f6ryhm\u00e4n j\u00e4senet:<\/h2>\t\t\t\t<\/div>\n\t\t\t\t<\/div>\n\t\t\t\t<div class=\"elementor-element elementor-element-7244b930 elementor-widget elementor-widget-text-editor\" data-id=\"7244b930\" data-element_type=\"widget\" data-e-type=\"widget\" data-widget_type=\"text-editor.default\">\n\t\t\t\t<div class=\"elementor-widget-container\">\n\t\t\t\t\t\t\t\t\t<p data-start=\"1957\" data-end=\"2056\">Vesa Maunuksela, Tehyn hallituksen edustaja<br \/>Mika L\u00e4nsisola, Tehyn hallituksen edustaja<br \/>Juha Hy\u00f6tyl\u00e4inen, Suomen Ensihoitoalan Liiton puheenjohtaja<br \/>Simo Ekman, L\u00e4\u00e4kint\u00e4esimies, Keski-Uudenmaan pelastuslaitos<br \/>Heikki Paakkonen, Yliopettaja, Ammattikorkeakoulu Arcada<br \/>Tomi Nieminen, Ensihoitop\u00e4\u00e4llikk\u00f6, TYKS ensihoito<br \/>Markku Kuisma, Ylil\u00e4\u00e4k\u00e4ri, HUS ensihoito<br \/>Jouni Pousi, Erityisasiantuntija, Sis\u00e4ministeri\u00f6<br \/>Kirsi Sillanp\u00e4\u00e4, Johtaja, Tehy ry<br \/>Juha Kurtti, Tutkimusp\u00e4\u00e4llikk\u00f6, Tehy ry<\/p>\t\t\t\t\t\t\t\t<\/div>\n\t\t\t\t<\/div>\n\t\t\t\t\t<\/div>\n\t\t\t\t<\/div>\n\t\t\t\t<\/div>\n\t\t","protected":false},"excerpt":{"rendered":"<p>Tehyn ensihoitoty\u00f6ryhm\u00e4 Ensihoitoty\u00f6ryhm\u00e4 on Tehyn hallituksen nime\u00e4m\u00e4 ty\u00f6ryhm\u00e4, joka on toiminut vuodesta 2009 l\u00e4htien. Ty\u00f6ryhm\u00e4n teht\u00e4v\u00e4n\u00e4 on nostaa keskusteluun ensihoitoon [&hellip;]<\/p>\n","protected":false},"author":1,"featured_media":0,"parent":0,"menu_order":0,"comment_status":"closed","ping_status":"closed","template":"","meta":{"site-sidebar-layout":"no-sidebar","site-content-layout":"","ast-site-content-layout":"full-width-container","site-content-style":"default","site-sidebar-style":"default","ast-global-header-display":"","ast-banner-title-visibility":"","ast-main-header-display":"","ast-hfb-above-header-display":"","ast-hfb-below-header-display":"","ast-hfb-mobile-header-display":"","site-post-title":"disabled","ast-breadcrumbs-content":"","ast-featured-img":"disabled","footer-sml-layout":"","ast-disable-related-posts":"","theme-transparent-header-meta":"","adv-header-id-meta":"","stick-header-meta":"","header-above-stick-meta":"","header-main-stick-meta":"","header-below-stick-meta":"","astra-migrate-meta-layouts":"default","ast-page-background-enabled":"default","ast-page-background-meta":{"desktop":{"background-color":"var(--ast-global-color-5)","background-image":"","background-repeat":"repeat","background-position":"center center","background-size":"auto","background-attachment":"scroll","background-type":"","background-media":"","overlay-type":"","overlay-color":"","overlay-opacity":"","overlay-gradient":""},"tablet":{"background-color":"","background-image":"","background-repeat":"repeat","background-position":"center center","background-size":"auto","background-attachment":"scroll","background-type":"","background-media":"","overlay-type":"","overlay-color":"","overlay-opacity":"","overlay-gradient":""},"mobile":{"background-color":"","background-image":"","background-repeat":"repeat","background-position":"center center","background-size":"auto","background-attachment":"scroll","background-type":"","background-media":"","overlay-type":"","overlay-color":"","overlay-opacity":"","overlay-gradient":""}},"ast-content-background-meta":{"desktop":{"background-color":"var(--ast-global-color-4)","background-image":"","background-repeat":"repeat","background-position":"center center","background-size":"auto","background-attachment":"scroll","background-type":"","background-media":"","overlay-type":"","overlay-color":"","overlay-opacity":"","overlay-gradient":""},"tablet":{"background-color":"var(--ast-global-color-4)","background-image":"","background-repeat":"repeat","background-position":"center center","background-size":"auto","background-attachment":"scroll","background-type":"","background-media":"","overlay-type":"","overlay-color":"","overlay-opacity":"","overlay-gradient":""},"mobile":{"background-color":"var(--ast-global-color-4)","background-image":"","background-repeat":"repeat","background-position":"center center","background-size":"auto","background-attachment":"scroll","background-type":"","background-media":"","overlay-type":"","overlay-color":"","overlay-opacity":"","overlay-gradient":""}},"footnotes":""},"class_list":["post-638","page","type-page","status-publish","hentry"],"_links":{"self":[{"href":"https:\/\/ensihoitoalanliitto.fi\/index.php?rest_route=\/wp\/v2\/pages\/638","targetHints":{"allow":["GET"]}}],"collection":[{"href":"https:\/\/ensihoitoalanliitto.fi\/index.php?rest_route=\/wp\/v2\/pages"}],"about":[{"href":"https:\/\/ensihoitoalanliitto.fi\/index.php?rest_route=\/wp\/v2\/types\/page"}],"author":[{"embeddable":true,"href":"https:\/\/ensihoitoalanliitto.fi\/index.php?rest_route=\/wp\/v2\/users\/1"}],"replies":[{"embeddable":true,"href":"https:\/\/ensihoitoalanliitto.fi\/index.php?rest_route=%2Fwp%2Fv2%2Fcomments&post=638"}],"version-history":[{"count":7,"href":"https:\/\/ensihoitoalanliitto.fi\/index.php?rest_route=\/wp\/v2\/pages\/638\/revisions"}],"predecessor-version":[{"id":650,"href":"https:\/\/ensihoitoalanliitto.fi\/index.php?rest_route=\/wp\/v2\/pages\/638\/revisions\/650"}],"wp:attachment":[{"href":"https:\/\/ensihoitoalanliitto.fi\/index.php?rest_route=%2Fwp%2Fv2%2Fmedia&parent=638"}],"curies":[{"name":"wp","href":"https:\/\/api.w.org\/{rel}","templated":true}]}}