{"id":645,"date":"2025-06-01T15:49:40","date_gmt":"2025-06-01T13:49:40","guid":{"rendered":"https:\/\/ensihoitoalanliitto.fi\/?page_id=645"},"modified":"2025-11-25T16:13:39","modified_gmt":"2025-11-25T14:13:39","slug":"vuoden-ensihoitaja","status":"publish","type":"page","link":"https:\/\/ensihoitoalanliitto.fi\/?page_id=645","title":{"rendered":"Vuoden ensihoitaja"},"content":{"rendered":"\t\t<div data-elementor-type=\"wp-page\" data-elementor-id=\"645\" class=\"elementor elementor-645\" data-elementor-post-type=\"page\">\n\t\t\t\t<div class=\"elementor-element elementor-element-6f6793db e-flex e-con-boxed e-con e-parent\" data-id=\"6f6793db\" data-element_type=\"container\" data-e-type=\"container\">\n\t\t\t\t\t<div class=\"e-con-inner\">\n\t\t\t\t<div class=\"elementor-element elementor-element-788168d8 elementor-widget elementor-widget-spacer\" data-id=\"788168d8\" data-element_type=\"widget\" data-e-type=\"widget\" data-widget_type=\"spacer.default\">\n\t\t\t\t<div class=\"elementor-widget-container\">\n\t\t\t\t\t\t\t<div class=\"elementor-spacer\">\n\t\t\t<div class=\"elementor-spacer-inner\"><\/div>\n\t\t<\/div>\n\t\t\t\t\t\t<\/div>\n\t\t\t\t<\/div>\n\t\t\t\t\t<\/div>\n\t\t\t\t<\/div>\n\t\t<div class=\"elementor-element elementor-element-5b85141 e-flex e-con-boxed e-con e-parent\" data-id=\"5b85141\" data-element_type=\"container\" data-e-type=\"container\" data-settings=\"{&quot;background_background&quot;:&quot;classic&quot;}\">\n\t\t\t\t\t<div class=\"e-con-inner\">\n\t\t\t\t<div class=\"elementor-element elementor-element-3afac59 elementor-widget elementor-widget-heading\" data-id=\"3afac59\" data-element_type=\"widget\" data-e-type=\"widget\" data-widget_type=\"heading.default\">\n\t\t\t\t<div class=\"elementor-widget-container\">\n\t\t\t\t\t<h2 class=\"elementor-heading-title elementor-size-default\">Vuoden ensihoitaja<\/h2>\t\t\t\t<\/div>\n\t\t\t\t<\/div>\n\t\t\t\t<div class=\"elementor-element elementor-element-717285c elementor-widget elementor-widget-text-editor\" data-id=\"717285c\" data-element_type=\"widget\" data-e-type=\"widget\" data-widget_type=\"text-editor.default\">\n\t\t\t\t<div class=\"elementor-widget-container\">\n\t\t\t\t\t\t\t\t\t<p>Vuoden ensihoitajan tunnustus my\u00f6nnet\u00e4\u00e4n ansiokkaasta ty\u00f6st\u00e4 ensihoitoalalla ty\u00f6skentelev\u00e4lle henkil\u00f6lle. Palkinto my\u00f6nnettiin ensimm\u00e4isen kerran vuonna 2011 Heikki Sederholmille. Kiertopalkinto my\u00f6s nimettiin h\u00e4nen mukaansa.<\/p><p>Tunnustuksen saajan valitsee vuosittain valitsijaraati, johon kuuluvat edustajat eri oppilaitosten ensihoidon opettajista, Suomen anestesiologiyhdistyksest\u00e4, Suomen Ensihoitoalan Liitosta, Tehy ry:st\u00e4 sek\u00e4 ensihoidon erikoislehti Systolesta.<\/p><p>Kuka tahansa voi ehdottaa seuraavaa Vuoden ensihoitajaa. Kun l\u00e4het\u00e4t ehdotuksesi kuluvan vuoden loppuun menness\u00e4, se huomioidaan seuraavan vuoden valinnassa. Tarkasti laaditut aiemmat esitykset huomioidaan my\u00f6s seuraavien vuosien valinnoissa \u2013 niit\u00e4 voi kuitenkin halutessaan my\u00f6s tarkentaa.<\/p>\t\t\t\t\t\t\t\t<\/div>\n\t\t\t\t<\/div>\n\t\t\t\t\t<\/div>\n\t\t\t\t<\/div>\n\t\t<div class=\"elementor-element elementor-element-36fce954 e-flex e-con-boxed e-con e-parent\" data-id=\"36fce954\" data-element_type=\"container\" data-e-type=\"container\" data-settings=\"{&quot;background_background&quot;:&quot;classic&quot;}\">\n\t\t\t\t\t<div class=\"e-con-inner\">\n\t\t\t\t<div class=\"elementor-element elementor-element-3981cf elementor-widget elementor-widget-spacer\" data-id=\"3981cf\" data-element_type=\"widget\" data-e-type=\"widget\" data-widget_type=\"spacer.default\">\n\t\t\t\t<div class=\"elementor-widget-container\">\n\t\t\t\t\t\t\t<div class=\"elementor-spacer\">\n\t\t\t<div class=\"elementor-spacer-inner\"><\/div>\n\t\t<\/div>\n\t\t\t\t\t\t<\/div>\n\t\t\t\t<\/div>\n\t\t\t\t\t<\/div>\n\t\t\t\t<\/div>\n\t\t<div class=\"elementor-element elementor-element-9f2ff03 e-flex e-con-boxed e-con e-parent\" data-id=\"9f2ff03\" data-element_type=\"container\" data-e-type=\"container\">\n\t\t\t\t\t<div class=\"e-con-inner\">\n\t\t<div class=\"elementor-element elementor-element-3d25fc2 e-con-full e-flex e-con e-child\" data-id=\"3d25fc2\" data-element_type=\"container\" data-e-type=\"container\">\n\t\t\t\t<div class=\"elementor-element elementor-element-17ca8cdf elementor-widget elementor-widget-heading\" data-id=\"17ca8cdf\" data-element_type=\"widget\" data-e-type=\"widget\" data-widget_type=\"heading.default\">\n\t\t\t\t<div class=\"elementor-widget-container\">\n\t\t\t\t\t<h2 class=\"elementor-heading-title elementor-size-default\">Edelliset Vuoden ensihoitajat:<\/h2>\t\t\t\t<\/div>\n\t\t\t\t<\/div>\n\t\t\t\t<\/div>\n\t\t\t\t<div class=\"elementor-element elementor-element-7565948d elementor-widget elementor-widget-text-editor\" data-id=\"7565948d\" data-element_type=\"widget\" data-e-type=\"widget\" data-widget_type=\"text-editor.default\">\n\t\t\t\t<div class=\"elementor-widget-container\">\n\t\t\t\t\t\t\t\t\t<ul><li>2025: <span data-olk-copy-source=\"MessageBody\">Matias Lahtela<\/span><\/li><li>2024: Tero Karvinen<\/li><li>2023: Petri Roivanen<\/li><li>2022: Heikki Lampinen<\/li><li>2021: Anu Venesoja<\/li><li>2020: Janne Keto<\/li><li>2019: Miika Hokkanen<\/li><li>2018: Kari T\u00f6rr\u00f6nen<\/li><li>2017:\u00a0Jan-Erik Palviainen<\/li><li>2016:\u00a0Juhani Sepp\u00e4l\u00e4 \u2013 in memoriam<\/li><li>2015:\u00a0Sanna Kauppinen<\/li><li>2014:\u00a0Simo Ekman<\/li><li>2013:\u00a0Simo Saikko<\/li><li>2012:\u00a0Matti Purhonen<\/li><li>2011:\u00a0Heikki Sederholm<\/li><\/ul>\t\t\t\t\t\t\t\t<\/div>\n\t\t\t\t<\/div>\n\t\t<div class=\"elementor-element elementor-element-50964d2 e-con-full e-flex e-con e-child\" data-id=\"50964d2\" data-element_type=\"container\" data-e-type=\"container\">\n\t\t\t\t<div class=\"elementor-element elementor-element-b2e663d elementor-widget elementor-widget-image\" data-id=\"b2e663d\" data-element_type=\"widget\" data-e-type=\"widget\" data-widget_type=\"image.default\">\n\t\t\t\t<div class=\"elementor-widget-container\">\n\t\t\t\t\t\t\t\t\t\t\t\t\t\t\t<img fetchpriority=\"high\" decoding=\"async\" width=\"1200\" height=\"1600\" src=\"https:\/\/ensihoitoalanliitto.fi\/wp-content\/uploads\/2025\/11\/matias.webp\" class=\"attachment-full size-full wp-image-873\" alt=\"\" srcset=\"https:\/\/ensihoitoalanliitto.fi\/wp-content\/uploads\/2025\/11\/matias.webp 1200w, https:\/\/ensihoitoalanliitto.fi\/wp-content\/uploads\/2025\/11\/matias-225x300.webp 225w, https:\/\/ensihoitoalanliitto.fi\/wp-content\/uploads\/2025\/11\/matias-768x1024.webp 768w, https:\/\/ensihoitoalanliitto.fi\/wp-content\/uploads\/2025\/11\/matias-1152x1536.webp 1152w\" sizes=\"(max-width: 1200px) 100vw, 1200px\" \/>\t\t\t\t\t\t\t\t\t\t\t\t\t\t\t<\/div>\n\t\t\t\t<\/div>\n\t\t\t\t<\/div>\n\t\t\t\t\t<\/div>\n\t\t\t\t<\/div>\n\t\t<div class=\"elementor-element elementor-element-a9cc410 e-flex e-con-boxed e-con e-parent\" data-id=\"a9cc410\" data-element_type=\"container\" data-e-type=\"container\">\n\t\t\t\t\t<div class=\"e-con-inner\">\n\t\t\t\t<div class=\"elementor-element elementor-element-6c0b543 elementor-widget elementor-widget-spacer\" data-id=\"6c0b543\" data-element_type=\"widget\" data-e-type=\"widget\" data-widget_type=\"spacer.default\">\n\t\t\t\t<div class=\"elementor-widget-container\">\n\t\t\t\t\t\t\t<div class=\"elementor-spacer\">\n\t\t\t<div class=\"elementor-spacer-inner\"><\/div>\n\t\t<\/div>\n\t\t\t\t\t\t<\/div>\n\t\t\t\t<\/div>\n\t\t\t\t\t<\/div>\n\t\t\t\t<\/div>\n\t\t<div class=\"elementor-element elementor-element-6d53a06a e-flex e-con-boxed e-con e-parent\" data-id=\"6d53a06a\" data-element_type=\"container\" data-e-type=\"container\" data-settings=\"{&quot;background_background&quot;:&quot;classic&quot;}\">\n\t\t\t\t\t<div class=\"e-con-inner\">\n\t\t\t\t<div class=\"elementor-element elementor-element-d715f5f elementor-widget elementor-widget-heading\" data-id=\"d715f5f\" data-element_type=\"widget\" data-e-type=\"widget\" data-widget_type=\"heading.default\">\n\t\t\t\t<div class=\"elementor-widget-container\">\n\t\t\t\t\t<h2 class=\"elementor-heading-title elementor-size-default\">Ehdota vuoden ensihoitajaa<\/h2>\t\t\t\t<\/div>\n\t\t\t\t<\/div>\n\t\t\t\t<div class=\"elementor-element elementor-element-7966cfb0 elementor-widget elementor-widget-text-editor\" data-id=\"7966cfb0\" data-element_type=\"widget\" data-e-type=\"widget\" data-widget_type=\"text-editor.default\">\n\t\t\t\t<div class=\"elementor-widget-container\">\n\t\t\t\t\t\t\t\t\t<p>Voit tehd\u00e4 ehdotuksen t\u00e4ytt\u00e4m\u00e4ll\u00e4 allaolevan kaavakkeen. Ehdotuksen voi tehd\u00e4 my\u00f6s vapaamuotoisesti l\u00e4hett\u00e4m\u00e4ll\u00e4 s\u00e4hk\u00f6postia osoitteeseen toimisto@sehl.fi. Mik\u00e4li k\u00e4yt\u00e4t kaavaketta, tiedot kannattaa kaiken varalta ker\u00e4t\u00e4 ensin esimerkiksi Word-dokumenttiin ja liitt\u00e4\u00e4 kaavakkeen kenttiin.<\/p><p>T\u00e4yt\u00e4 kaikki kohdat mahdollisimman tarkasti &#8211; erityisesti ehdottajan yhteystiedot. Mik\u00e4li et ole varma tai et tied\u00e4 aivan tarkkoja tietoja jokaiseen kohtaan, \u00e4l\u00e4 anna sen est\u00e4\u00e4 hyv\u00e4n ehdokkaan asettamista &#8211; tarkennamme tietoja tarvittaessa yhdess\u00e4. Tiedot ker\u00e4\u00e4 ensihoidon erikoislehti Systole \/ Suomen Ensihoidon Tiedotus. Kaikki ehdotukset k\u00e4sitell\u00e4\u00e4n ehdottoman luottamuksellisesti.<\/p>\t\t\t\t\t\t\t\t<\/div>\n\t\t\t\t<\/div>\n\t\t\t\t\t<\/div>\n\t\t\t\t<\/div>\n\t\t<div class=\"elementor-element elementor-element-7c93305 e-flex e-con-boxed e-con e-parent\" data-id=\"7c93305\" data-element_type=\"container\" data-e-type=\"container\">\n\t\t\t\t\t<div class=\"e-con-inner\">\n\t\t\t\t<div class=\"elementor-element elementor-element-53a348b elementor-button-align-stretch elementor-widget elementor-widget-form\" data-id=\"53a348b\" data-element_type=\"widget\" data-e-type=\"widget\" data-settings=\"{&quot;step_next_label&quot;:&quot;Next&quot;,&quot;step_previous_label&quot;:&quot;Previous&quot;,&quot;button_width&quot;:&quot;100&quot;,&quot;step_type&quot;:&quot;number_text&quot;,&quot;step_icon_shape&quot;:&quot;circle&quot;}\" data-widget_type=\"form.default\">\n\t\t\t\t<div class=\"elementor-widget-container\">\n\t\t\t\t\t\t\t<form class=\"elementor-form\" method=\"post\" name=\"New Form\" aria-label=\"New Form\">\n\t\t\t<input type=\"hidden\" name=\"post_id\" value=\"645\"\/>\n\t\t\t<input type=\"hidden\" name=\"form_id\" value=\"53a348b\"\/>\n\t\t\t<input type=\"hidden\" name=\"referer_title\" value=\"Vuoden ensihoitaja\" \/>\n\n\t\t\t\t\t\t\t<input type=\"hidden\" name=\"queried_id\" value=\"645\"\/>\n\t\t\t\n\t\t\t<div class=\"elementor-form-fields-wrapper elementor-labels-above\">\n\t\t\t\t\t\t\t\t<div class=\"elementor-field-type-text elementor-field-group elementor-column elementor-field-group-name elementor-col-100\">\n\t\t\t\t\t\t\t\t\t\t\t\t<label for=\"form-field-name\" class=\"elementor-field-label\">\n\t\t\t\t\t\t\t\tEhdokkaan nimi\t\t\t\t\t\t\t<\/label>\n\t\t\t\t\t\t\t\t\t\t\t\t\t\t<input size=\"1\" type=\"text\" name=\"form_fields[name]\" id=\"form-field-name\" class=\"elementor-field elementor-size-sm  elementor-field-textual\">\n\t\t\t\t\t\t\t\t\t\t\t<\/div>\n\t\t\t\t\t\t\t\t<div class=\"elementor-field-type-number elementor-field-group elementor-column elementor-field-group-field_a9bcaa4 elementor-col-100\">\n\t\t\t\t\t\t\t\t\t\t\t\t<label for=\"form-field-field_a9bcaa4\" class=\"elementor-field-label\">\n\t\t\t\t\t\t\t\tEhdokkaan syntym\u00e4aika\t\t\t\t\t\t\t<\/label>\n\t\t\t\t\t\t\t\t\t<input type=\"number\" name=\"form_fields[field_a9bcaa4]\" id=\"form-field-field_a9bcaa4\" class=\"elementor-field elementor-size-sm  elementor-field-textual\" min=\"\" max=\"\" >\n\t\t\t\t\t\t<\/div>\n\t\t\t\t\t\t\t\t<div class=\"elementor-field-type-email elementor-field-group elementor-column elementor-field-group-field_b690591 elementor-col-100\">\n\t\t\t\t\t\t\t\t\t\t\t\t<label for=\"form-field-field_b690591\" class=\"elementor-field-label\">\n\t\t\t\t\t\t\t\tEhdokkaan s\u00e4hk\u00f6postiosoite\t\t\t\t\t\t\t<\/label>\n\t\t\t\t\t\t\t\t\t\t\t\t\t\t<input size=\"1\" type=\"email\" name=\"form_fields[field_b690591]\" id=\"form-field-field_b690591\" class=\"elementor-field elementor-size-sm  elementor-field-textual\">\n\t\t\t\t\t\t\t\t\t\t\t<\/div>\n\t\t\t\t\t\t\t\t<div class=\"elementor-field-type-number elementor-field-group elementor-column elementor-field-group-field_ec26e39 elementor-col-100\">\n\t\t\t\t\t\t\t\t\t\t\t\t<label for=\"form-field-field_ec26e39\" class=\"elementor-field-label\">\n\t\t\t\t\t\t\t\tEhdokkaan puhelinnumero\t\t\t\t\t\t\t<\/label>\n\t\t\t\t\t\t\t\t\t<input type=\"number\" name=\"form_fields[field_ec26e39]\" id=\"form-field-field_ec26e39\" class=\"elementor-field elementor-size-sm  elementor-field-textual\" min=\"\" max=\"\" >\n\t\t\t\t\t\t<\/div>\n\t\t\t\t\t\t\t\t<div class=\"elementor-field-type-textarea elementor-field-group elementor-column elementor-field-group-email elementor-col-100 elementor-field-required\">\n\t\t\t\t\t\t\t\t\t\t\t\t<label for=\"form-field-email\" class=\"elementor-field-label\">\n\t\t\t\t\t\t\t\tEhdokkaan osoite:\t\t\t\t\t\t\t<\/label>\n\t\t\t\t\t\t<textarea class=\"elementor-field-textual elementor-field  elementor-size-sm\" name=\"form_fields[email]\" id=\"form-field-email\" rows=\"4\" required=\"required\"><\/textarea>\t\t\t\t<\/div>\n\t\t\t\t\t\t\t\t<div class=\"elementor-field-type-textarea elementor-field-group elementor-column elementor-field-group-field_4c6e30a elementor-col-100 elementor-field-required\">\n\t\t\t\t\t\t\t\t\t\t\t\t<label for=\"form-field-field_4c6e30a\" class=\"elementor-field-label\">\n\t\t\t\t\t\t\t\tEhdokkaan ty\u00f6historia:\t\t\t\t\t\t\t<\/label>\n\t\t\t\t\t\t<textarea class=\"elementor-field-textual elementor-field  elementor-size-sm\" name=\"form_fields[field_4c6e30a]\" id=\"form-field-field_4c6e30a\" rows=\"4\" required=\"required\"><\/textarea>\t\t\t\t<\/div>\n\t\t\t\t\t\t\t\t<div class=\"elementor-field-type-textarea elementor-field-group elementor-column elementor-field-group-field_c1b9d23 elementor-col-100 elementor-field-required\">\n\t\t\t\t\t\t\t\t\t\t\t\t<label for=\"form-field-field_c1b9d23\" class=\"elementor-field-label\">\n\t\t\t\t\t\t\t\tEhdokkaan koulutus ja kurssit:\t\t\t\t\t\t\t<\/label>\n\t\t\t\t\t\t<textarea class=\"elementor-field-textual elementor-field  elementor-size-sm\" name=\"form_fields[field_c1b9d23]\" id=\"form-field-field_c1b9d23\" rows=\"4\" required=\"required\"><\/textarea>\t\t\t\t<\/div>\n\t\t\t\t\t\t\t\t<div class=\"elementor-field-type-textarea elementor-field-group elementor-column elementor-field-group-field_f2f23c0 elementor-col-100 elementor-field-required\">\n\t\t\t\t\t\t\t\t\t\t\t\t<label for=\"form-field-field_f2f23c0\" class=\"elementor-field-label\">\n\t\t\t\t\t\t\t\tEnsihoitoon liittyv\u00e4 j\u00e4rjest\u00f6toiminta:\t\t\t\t\t\t\t<\/label>\n\t\t\t\t\t\t<textarea class=\"elementor-field-textual elementor-field  elementor-size-sm\" name=\"form_fields[field_f2f23c0]\" id=\"form-field-field_f2f23c0\" rows=\"4\" required=\"required\"><\/textarea>\t\t\t\t<\/div>\n\t\t\t\t\t\t\t\t<div class=\"elementor-field-type-textarea elementor-field-group elementor-column elementor-field-group-field_51f5b73 elementor-col-100 elementor-field-required\">\n\t\t\t\t\t\t\t\t\t\t\t\t<label for=\"form-field-field_51f5b73\" class=\"elementor-field-label\">\n\t\t\t\t\t\t\t\tEnsihoitoalan luottamustoimet:\t\t\t\t\t\t\t<\/label>\n\t\t\t\t\t\t<textarea class=\"elementor-field-textual elementor-field  elementor-size-sm\" name=\"form_fields[field_51f5b73]\" id=\"form-field-field_51f5b73\" rows=\"4\" required=\"required\"><\/textarea>\t\t\t\t<\/div>\n\t\t\t\t\t\t\t\t<div class=\"elementor-field-type-checkbox elementor-field-group elementor-column elementor-field-group-field_3d2fbdd elementor-col-100\">\n\t\t\t\t\t<div class=\"elementor-field-subgroup  \"><span class=\"elementor-field-option\"><input type=\"checkbox\" value=\"Erityist\u00e4 tunnustusta ansaitseva ensihoitoteht\u00e4v\u00e4\" id=\"form-field-field_3d2fbdd-0\" name=\"form_fields[field_3d2fbdd][]\"> <label for=\"form-field-field_3d2fbdd-0\">Erityist\u00e4 tunnustusta ansaitseva ensihoitoteht\u00e4v\u00e4<\/label><\/span><span class=\"elementor-field-option\"><input type=\"checkbox\" value=\"Erityist\u00e4 tunnustusta ansaitseva ensihoidon koulutusteht\u00e4v\u00e4\" id=\"form-field-field_3d2fbdd-1\" name=\"form_fields[field_3d2fbdd][]\"> <label for=\"form-field-field_3d2fbdd-1\">Erityist\u00e4 tunnustusta ansaitseva ensihoidon koulutusteht\u00e4v\u00e4<\/label><\/span><span class=\"elementor-field-option\"><input type=\"checkbox\" value=\"Erityist\u00e4 tunnustusta ansaitseva toiminta ensihoidon hyv\u00e4ksi\" id=\"form-field-field_3d2fbdd-2\" name=\"form_fields[field_3d2fbdd][]\"> <label for=\"form-field-field_3d2fbdd-2\">Erityist\u00e4 tunnustusta ansaitseva toiminta ensihoidon hyv\u00e4ksi<\/label><\/span><span class=\"elementor-field-option\"><input type=\"checkbox\" value=\"Erityist\u00e4 tunnustusta ansaitseva viranomaisyhteisty\u00f6toiminta\" id=\"form-field-field_3d2fbdd-3\" name=\"form_fields[field_3d2fbdd][]\"> <label for=\"form-field-field_3d2fbdd-3\">Erityist\u00e4 tunnustusta ansaitseva viranomaisyhteisty\u00f6toiminta<\/label><\/span><span class=\"elementor-field-option\"><input type=\"checkbox\" value=\"Pitk\u00e4aikainen ja ansiokas toiminta ensihoitoalalla\" id=\"form-field-field_3d2fbdd-4\" name=\"form_fields[field_3d2fbdd][]\"> <label for=\"form-field-field_3d2fbdd-4\">Pitk\u00e4aikainen ja ansiokas toiminta ensihoitoalalla<\/label><\/span><span class=\"elementor-field-option\"><input type=\"checkbox\" value=\"Muu suoritus tai toiminta\" id=\"form-field-field_3d2fbdd-5\" name=\"form_fields[field_3d2fbdd][]\"> <label for=\"form-field-field_3d2fbdd-5\">Muu suoritus tai toiminta<\/label><\/span><\/div>\t\t\t\t<\/div>\n\t\t\t\t\t\t\t\t<div class=\"elementor-field-type-textarea elementor-field-group elementor-column elementor-field-group-field_ee00e07 elementor-col-100 elementor-field-required\">\n\t\t\t\t\t\t\t\t\t\t\t\t<label for=\"form-field-field_ee00e07\" class=\"elementor-field-label\">\n\t\t\t\t\t\t\t\tKerro mahdollisimman tarkasti edellisess\u00e4 kohdassa valitsemiesi vaihtoehtojen perustelut:\t\t\t\t\t\t\t<\/label>\n\t\t\t\t\t\t<textarea class=\"elementor-field-textual elementor-field  elementor-size-sm\" name=\"form_fields[field_ee00e07]\" id=\"form-field-field_ee00e07\" rows=\"4\" required=\"required\"><\/textarea>\t\t\t\t<\/div>\n\t\t\t\t\t\t\t\t<div class=\"elementor-field-type-text elementor-field-group elementor-column elementor-field-group-field_1daf563 elementor-col-100 elementor-field-required\">\n\t\t\t\t\t\t\t\t\t\t\t\t<label for=\"form-field-field_1daf563\" class=\"elementor-field-label\">\n\t\t\t\t\t\t\t\tEhdottajan nimi\t\t\t\t\t\t\t<\/label>\n\t\t\t\t\t\t\t\t\t\t\t\t\t\t<input size=\"1\" type=\"text\" name=\"form_fields[field_1daf563]\" id=\"form-field-field_1daf563\" class=\"elementor-field elementor-size-sm  elementor-field-textual\" required=\"required\">\n\t\t\t\t\t\t\t\t\t\t\t<\/div>\n\t\t\t\t\t\t\t\t<div class=\"elementor-field-type-email elementor-field-group elementor-column elementor-field-group-field_871e21b elementor-col-100 elementor-field-required\">\n\t\t\t\t\t\t\t\t\t\t\t\t<label for=\"form-field-field_871e21b\" class=\"elementor-field-label\">\n\t\t\t\t\t\t\t\tEhdottajan s\u00e4hk\u00f6postiosoite\t\t\t\t\t\t\t<\/label>\n\t\t\t\t\t\t\t\t\t\t\t\t\t\t<input size=\"1\" type=\"email\" name=\"form_fields[field_871e21b]\" id=\"form-field-field_871e21b\" class=\"elementor-field elementor-size-sm  elementor-field-textual\" required=\"required\">\n\t\t\t\t\t\t\t\t\t\t\t<\/div>\n\t\t\t\t\t\t\t\t<div class=\"elementor-field-type-number elementor-field-group elementor-column elementor-field-group-field_ee4b8ea elementor-col-100 elementor-field-required\">\n\t\t\t\t\t\t\t\t\t\t\t\t<label for=\"form-field-field_ee4b8ea\" class=\"elementor-field-label\">\n\t\t\t\t\t\t\t\tEhdottajan puhelinnumero\t\t\t\t\t\t\t<\/label>\n\t\t\t\t\t\t\t\t\t<input type=\"number\" name=\"form_fields[field_ee4b8ea]\" id=\"form-field-field_ee4b8ea\" class=\"elementor-field elementor-size-sm  elementor-field-textual\" required=\"required\" min=\"\" max=\"\" >\n\t\t\t\t\t\t<\/div>\n\t\t\t\t\t\t\t\t<div class=\"elementor-field-group elementor-column elementor-field-type-submit elementor-col-100 e-form__buttons\">\n\t\t\t\t\t<button class=\"elementor-button elementor-size-sm\" type=\"submit\">\n\t\t\t\t\t\t<span class=\"elementor-button-content-wrapper\">\n\t\t\t\t\t\t\t\t\t\t\t\t\t\t\t\t\t\t\t\t\t\t<span class=\"elementor-button-text\">L\u00e4het\u00e4<\/span>\n\t\t\t\t\t\t\t\t\t\t\t\t\t<\/span>\n\t\t\t\t\t<\/button>\n\t\t\t\t<\/div>\n\t\t\t<\/div>\n\t\t<\/form>\n\t\t\t\t\t\t<\/div>\n\t\t\t\t<\/div>\n\t\t\t\t\t<\/div>\n\t\t\t\t<\/div>\n\t\t\t\t<\/div>\n\t\t","protected":false},"excerpt":{"rendered":"<p>Vuoden ensihoitaja Vuoden ensihoitajan tunnustus my\u00f6nnet\u00e4\u00e4n ansiokkaasta ty\u00f6st\u00e4 ensihoitoalalla ty\u00f6skentelev\u00e4lle henkil\u00f6lle. Palkinto my\u00f6nnettiin ensimm\u00e4isen kerran vuonna 2011 Heikki Sederholmille. Kiertopalkinto [&hellip;]<\/p>\n","protected":false},"author":1,"featured_media":0,"parent":0,"menu_order":0,"comment_status":"closed","ping_status":"closed","template":"","meta":{"site-sidebar-layout":"no-sidebar","site-content-layout":"","ast-site-content-layout":"full-width-container","site-content-style":"default","site-sidebar-style":"default","ast-global-header-display":"","ast-banner-title-visibility":"","ast-main-header-display":"","ast-hfb-above-header-display":"","ast-hfb-below-header-display":"","ast-hfb-mobile-header-display":"","site-post-title":"disabled","ast-breadcrumbs-content":"","ast-featured-img":"disabled","footer-sml-layout":"","ast-disable-related-posts":"","theme-transparent-header-meta":"","adv-header-id-meta":"","stick-header-meta":"","header-above-stick-meta":"","header-main-stick-meta":"","header-below-stick-meta":"","astra-migrate-meta-layouts":"default","ast-page-background-enabled":"default","ast-page-background-meta":{"desktop":{"background-color":"var(--ast-global-color-5)","background-image":"","background-repeat":"repeat","background-position":"center center","background-size":"auto","background-attachment":"scroll","background-type":"","background-media":"","overlay-type":"","overlay-color":"","overlay-opacity":"","overlay-gradient":""},"tablet":{"background-color":"","background-image":"","background-repeat":"repeat","background-position":"center center","background-size":"auto","background-attachment":"scroll","background-type":"","background-media":"","overlay-type":"","overlay-color":"","overlay-opacity":"","overlay-gradient":""},"mobile":{"background-color":"","background-image":"","background-repeat":"repeat","background-position":"center center","background-size":"auto","background-attachment":"scroll","background-type":"","background-media":"","overlay-type":"","overlay-color":"","overlay-opacity":"","overlay-gradient":""}},"ast-content-background-meta":{"desktop":{"background-color":"var(--ast-global-color-4)","background-image":"","background-repeat":"repeat","background-position":"center center","background-size":"auto","background-attachment":"scroll","background-type":"","background-media":"","overlay-type":"","overlay-color":"","overlay-opacity":"","overlay-gradient":""},"tablet":{"background-color":"var(--ast-global-color-4)","background-image":"","background-repeat":"repeat","background-position":"center center","background-size":"auto","background-attachment":"scroll","background-type":"","background-media":"","overlay-type":"","overlay-color":"","overlay-opacity":"","overlay-gradient":""},"mobile":{"background-color":"var(--ast-global-color-4)","background-image":"","background-repeat":"repeat","background-position":"center center","background-size":"auto","background-attachment":"scroll","background-type":"","background-media":"","overlay-type":"","overlay-color":"","overlay-opacity":"","overlay-gradient":""}},"footnotes":""},"class_list":["post-645","page","type-page","status-publish","hentry"],"_links":{"self":[{"href":"https:\/\/ensihoitoalanliitto.fi\/index.php?rest_route=\/wp\/v2\/pages\/645","targetHints":{"allow":["GET"]}}],"collection":[{"href":"https:\/\/ensihoitoalanliitto.fi\/index.php?rest_route=\/wp\/v2\/pages"}],"about":[{"href":"https:\/\/ensihoitoalanliitto.fi\/index.php?rest_route=\/wp\/v2\/types\/page"}],"author":[{"embeddable":true,"href":"https:\/\/ensihoitoalanliitto.fi\/index.php?rest_route=\/wp\/v2\/users\/1"}],"replies":[{"embeddable":true,"href":"https:\/\/ensihoitoalanliitto.fi\/index.php?rest_route=%2Fwp%2Fv2%2Fcomments&post=645"}],"version-history":[{"count":16,"href":"https:\/\/ensihoitoalanliitto.fi\/index.php?rest_route=\/wp\/v2\/pages\/645\/revisions"}],"predecessor-version":[{"id":876,"href":"https:\/\/ensihoitoalanliitto.fi\/index.php?rest_route=\/wp\/v2\/pages\/645\/revisions\/876"}],"wp:attachment":[{"href":"https:\/\/ensihoitoalanliitto.fi\/index.php?rest_route=%2Fwp%2Fv2%2Fmedia&parent=645"}],"curies":[{"name":"wp","href":"https:\/\/api.w.org\/{rel}","templated":true}]}}